{"id":21,"date":"2025-04-05T10:12:02","date_gmt":"2025-04-05T08:12:02","guid":{"rendered":"https:\/\/www.kga-hubertstrasse.de\/?page_id=21"},"modified":"2026-03-29T10:20:56","modified_gmt":"2026-03-29T08:20:56","slug":"datenschutzhinweise-gemaess-art-13-dsgvo","status":"publish","type":"page","link":"https:\/\/www.kga-hubertstrasse.de\/index.php\/datenschutzhinweise-gemaess-art-13-dsgvo\/","title":{"rendered":"Datenschutzhinweise gem\u00e4\u00df Art. 13 DSGVO"},"content":{"rendered":"\n<h1 class=\"wp-block-heading\">Verantwortliche Stelle<\/h1>\n\n\n\n<p>Kleingartenanlage Hubertstra\u00dfe e.V.<br>Postfach 10 19 15<br>45019 Essen<br><a href=\"mailto:info@kga-hubertstrasse.de\">info@kga-hubertstrasse.de<\/a><\/p>\n\n\n\n<p>Bei Fragen zum Datenschutz stehen wir Ihnen unter <a href=\"mailto:vorstand@kga-hubertstrasse.de\">vorstand@kga-hubertstrasse.de<\/a> oder unter der oben angegebenen postalischen Anschrift zur Verf\u00fcgung.<\/p>\n\n\n\n<h2 class=\"wp-block-heading\">Datenverarbeitung auf unserer Webseite und weiteren Online-Angeboten<\/h2>\n\n\n\n<h3 class=\"wp-block-heading\">Logfiles beim Aufruf unserer Webseite<\/h3>\n\n\n\n<p>Bei Aufruf unserer Webseite werden zur Analyse von Fehlern und Sicherheitsvorf\u00e4llen Logfiles erstellt. Diese bleiben nur f\u00fcr einige Tage bis Wochen gespeichert und werden anschlie\u00dfend automatisch gel\u00f6scht.<\/p>\n\n\n\n<h2 class=\"wp-block-heading\">Datenverarbeitung im Rahmen unserer Vereinsarbeit<\/h2>\n\n\n\n<h3 class=\"wp-block-heading\">Mitgliederverwaltung<\/h3>\n\n\n\n<p>Mitgliedsdaten (Stammdaten, Rechnungsdaten, Gartenzustand) werden von den jeweiligen Funktionstr\u00e4ger:innen unseres Vereins nur f\u00fcr die ihnen zugeordnete Aufgabenerf\u00fcllung verarbeitet. Im Einzelnen bedeutet dies:<\/p>\n\n\n\n<ul class=\"wp-block-list\">\n<li>Wenn der <ins>Vorstand<\/ins> Mitgliedsdaten ben\u00f6tigt, um seine Aufgaben zu erledigen, darf er auf alle hierf\u00fcr erforderlichen Mitgliedsdaten zugreifen. Dazu geh\u00f6rt insbesondere Abrechnung, satzungsgem\u00e4\u00dfe Aufgaben, Vorgaben nach Bundeskleingartengesetz.<\/li>\n\n\n\n<li>Der\/die Kassenwart:in verarbeitet die Mitgliedsdaten, die f\u00fcr den Einzug der Mitgliedsbeitr\u00e4ge, der\/die <ins>Kassenpr\u00fcfer:in<\/ins> verarbeitet die Mitgliedsdaten, die f\u00fcr die Kassenpr\u00fcfung relevant sind. Dies sind Vorname, Nachname, postalische Anschrift und Bankverbindung mit Zahlungsdaten sowie ggf. Zugriff auf die Lastschriftsverfahrensgenehmigung inklusive Unterschrift, sofern das Mitglied dem Verein ein Lastschriftmandat erteilt hat.<\/li>\n\n\n\n<li>Die <ins>Vereinsgesch\u00e4ftsstelle<\/ins> verarbeitet die Mitgliedsdaten zur Mitgliedsverwaltung und -betreuung.<\/li>\n<\/ul>\n\n\n\n<p>Zweck f\u00fcr die Verarbeitung der Mitgliedsdaten ist die Verfolgung des Vereinszwecks und die -verwaltung. Rechtsgrundlage ist die Vereinsmitgliedschaft (Artikel 6 Absatz 1 b) DSGVO).<\/p>\n\n\n\n<p>Die aktuellen Mitgliedsdaten werden f\u00fcr die Dauer der Mitgliedschaft und dar\u00fcber hinaus f\u00fcr 3 Jahre gespeichert.<\/p>\n\n\n\n<h3 class=\"wp-block-heading\">Datenweitergabe an Empf\u00e4nger au\u00dferhalb des Vereins<\/h3>\n\n\n\n<p>Unser Verein gibt Mitgliederdaten an folgende Empf\u00e4nger weiter:<br>Stadtverband der Kleing\u00e4rtner in Essen e.V.<\/p>\n\n\n\n<h2 class=\"wp-block-heading\">Betroffenenrechte<\/h2>\n\n\n\n<p>Wenn wir personenbezogene Daten von Ihnen verarbeiten, haben Sie folgende Betroffenenrechte:<\/p>\n\n\n\n<ul class=\"wp-block-list\">\n<li>ein Recht auf Auskunft \u00fcber die verarbeiteten Daten und auf Kopie,<\/li>\n\n\n\n<li>ein Berichtigungsrecht, wenn wir falsche Daten \u00fcber Sie verarbeiten,<\/li>\n\n\n\n<li>ein Recht auf L\u00f6schung, es sei denn, dass noch Ausnahmen greifen, warum wir die Daten noch speichern, also zum Beispiel Aufbewahrungspflichten oder Verj\u00e4hrungsfristen<\/li>\n\n\n\n<li>ein Recht auf Einschr\u00e4nkung der Verarbeitung,<\/li>\n\n\n\n<li>ein jederzeitiges Recht, Einwilligungen in die Datenverarbeitung zu widerrufen,<\/li>\n\n\n\n<li>ein Widerspruchsrecht gegen eine Verarbeitung im \u00f6ffentlichen oder bei berechtigtem Interesse,<\/li>\n\n\n\n<li>ein Recht auf Daten\u00fcbertragbarkeit,<\/li>\n\n\n\n<li>ein Beschwerderecht bei einer Datenschutz-Aufsichtsbeh\u00f6rde, wenn Sie finden, dass wir Ihre Daten nicht ordnungsgem\u00e4\u00df verarbeiten. F\u00fcr unseren Verein ist die Landesbeauftragte f\u00fcr Datenschutz und Informationsfreiheit Nordrhein-Westfalen zust\u00e4ndig. Wenn Sie sich in einem anderen Bundesland oder nicht in Deutschland aufhalten, k\u00f6nnen Sie sich aber auch an die dortige Datenschutzbeh\u00f6rde wenden.<\/li>\n<\/ul>\n\n\n\n<hr class=\"wp-block-separator has-alpha-channel-opacity\"\/>\n\n\n\n<p><em>Dieser Text wurde mit dem Generator f\u00fcr Datenschutzhinweise der <a href=\"https:\/\/stiftungdatenschutz.org\/ehrenamt\/generator-datenschutzhinweise\">Stiftung Datenschutz<\/a> erstellt.<\/em><\/p>\n","protected":false},"excerpt":{"rendered":"<p>Verantwortliche Stelle Kleingartenanlage Hubertstra\u00dfe e.V.Postfach 10 19 1545019 Esseninfo@kga-hubertstrasse.de Bei Fragen zum Datenschutz stehen wir Ihnen unter vorstand@kga-hubertstrasse.de oder unter der oben angegebenen postalischen Anschrift zur Verf\u00fcgung. Datenverarbeitung auf unserer Webseite und weiteren Online-Angeboten Logfiles beim Aufruf unserer Webseite Bei Aufruf unserer Webseite werden zur Analyse von Fehlern und Sicherheitsvorf\u00e4llen Logfiles erstellt. Diese bleiben nur [&hellip;]<\/p>\n","protected":false},"author":1,"featured_media":0,"parent":0,"menu_order":0,"comment_status":"closed","ping_status":"closed","template":"","meta":{"footnotes":""},"class_list":["post-21","page","type-page","status-publish","hentry"],"_links":{"self":[{"href":"https:\/\/www.kga-hubertstrasse.de\/index.php\/wp-json\/wp\/v2\/pages\/21","targetHints":{"allow":["GET"]}}],"collection":[{"href":"https:\/\/www.kga-hubertstrasse.de\/index.php\/wp-json\/wp\/v2\/pages"}],"about":[{"href":"https:\/\/www.kga-hubertstrasse.de\/index.php\/wp-json\/wp\/v2\/types\/page"}],"author":[{"embeddable":true,"href":"https:\/\/www.kga-hubertstrasse.de\/index.php\/wp-json\/wp\/v2\/users\/1"}],"replies":[{"embeddable":true,"href":"https:\/\/www.kga-hubertstrasse.de\/index.php\/wp-json\/wp\/v2\/comments?post=21"}],"version-history":[{"count":3,"href":"https:\/\/www.kga-hubertstrasse.de\/index.php\/wp-json\/wp\/v2\/pages\/21\/revisions"}],"predecessor-version":[{"id":39,"href":"https:\/\/www.kga-hubertstrasse.de\/index.php\/wp-json\/wp\/v2\/pages\/21\/revisions\/39"}],"wp:attachment":[{"href":"https:\/\/www.kga-hubertstrasse.de\/index.php\/wp-json\/wp\/v2\/media?parent=21"}],"curies":[{"name":"wp","href":"https:\/\/api.w.org\/{rel}","templated":true}]}}